{"id":50,"date":"2021-01-22T08:32:53","date_gmt":"2021-01-22T07:32:53","guid":{"rendered":"http:\/\/grand8.org\/?page_id=50"},"modified":"2026-05-05T09:02:44","modified_gmt":"2026-05-05T07:02:44","slug":"actualites","status":"publish","type":"page","link":"https:\/\/grand8.org\/index.php\/actualites\/","title":{"rendered":"ACTUALIT\u00c9S"},"content":{"rendered":"\t\t<div data-elementor-type=\"wp-page\" data-elementor-id=\"50\" class=\"elementor elementor-50\">\n\t\t\t\t\t\t<section class=\"elementor-section elementor-top-section elementor-element elementor-element-cd8c065 elementor-section-boxed elementor-section-height-default elementor-section-height-default\" data-id=\"cd8c065\" data-element_type=\"section\" data-e-type=\"section\">\n\t\t\t\t\t\t<div class=\"elementor-container elementor-column-gap-default\">\n\t\t\t\t\t<div class=\"elementor-column elementor-col-100 elementor-top-column elementor-element elementor-element-f404c89\" data-id=\"f404c89\" data-element_type=\"column\" data-e-type=\"column\">\n\t\t\t<div class=\"elementor-widget-wrap elementor-element-populated\">\n\t\t\t\t\t\t<div class=\"elementor-element elementor-element-250cc05 elementor-widget elementor-widget-spacer\" data-id=\"250cc05\" data-element_type=\"widget\" data-e-type=\"widget\" data-widget_type=\"spacer.default\">\n\t\t\t\t<div class=\"elementor-widget-container\">\n\t\t\t\t\t\t\t<div class=\"elementor-spacer\">\n\t\t\t<div class=\"elementor-spacer-inner\"><\/div>\n\t\t<\/div>\n\t\t\t\t\t\t<\/div>\n\t\t\t\t<\/div>\n\t\t\t\t\t<\/div>\n\t\t<\/div>\n\t\t\t\t\t<\/div>\n\t\t<\/section>\n\t\t\t\t<section class=\"elementor-section elementor-top-section elementor-element elementor-element-34493ad elementor-section-boxed elementor-section-height-default elementor-section-height-default\" data-id=\"34493ad\" data-element_type=\"section\" data-e-type=\"section\">\n\t\t\t\t\t\t<div class=\"elementor-container elementor-column-gap-default\">\n\t\t\t\t\t<div class=\"elementor-column elementor-col-100 elementor-top-column elementor-element elementor-element-18759c5\" data-id=\"18759c5\" data-element_type=\"column\" data-e-type=\"column\">\n\t\t\t<div class=\"elementor-widget-wrap elementor-element-populated\">\n\t\t\t\t\t\t<div class=\"elementor-element elementor-element-1a8ea0a elementor-widget elementor-widget-heading\" data-id=\"1a8ea0a\" data-element_type=\"widget\" data-e-type=\"widget\" data-widget_type=\"heading.default\">\n\t\t\t\t<div class=\"elementor-widget-container\">\n\t\t\t\t\t<h2 class=\"elementor-heading-title elementor-size-default\">A venir 2026<\/h2>\t\t\t\t<\/div>\n\t\t\t\t<\/div>\n\t\t\t\t\t<\/div>\n\t\t<\/div>\n\t\t\t\t\t<\/div>\n\t\t<\/section>\n\t\t\t\t<section class=\"elementor-section elementor-top-section elementor-element elementor-element-4bdb148 elementor-section-boxed elementor-section-height-default elementor-section-height-default\" data-id=\"4bdb148\" data-element_type=\"section\" data-e-type=\"section\">\n\t\t\t\t\t\t<div class=\"elementor-container elementor-column-gap-default\">\n\t\t\t\t\t<div class=\"elementor-column elementor-col-100 elementor-top-column elementor-element elementor-element-036270d\" data-id=\"036270d\" data-element_type=\"column\" data-e-type=\"column\">\n\t\t\t<div class=\"elementor-widget-wrap elementor-element-populated\">\n\t\t\t\t\t\t<div class=\"elementor-element elementor-element-10915d5 elementor-widget elementor-widget-text-editor\" data-id=\"10915d5\" data-element_type=\"widget\" data-e-type=\"widget\" data-widget_type=\"text-editor.default\">\n\t\t\t\t<div class=\"elementor-widget-container\">\n\t\t\t\t\t\t\t\t\t<p><span style=\"color: #bd4040;\"><strong>8.1<\/strong><\/span>\u00a0<strong>Espace de pratique <\/strong>ouvert aux improvisateur\u00b7ices &#8211; GMEM<br \/><span style=\"color: #d90000;\"><span style=\"color: #bd4040;\"><strong>5.2<\/strong><\/span>\u00a0<\/span><strong>Espace de pratique <\/strong>ouvert aux improvisateur\u00b7ices- &#8211; GMEM<br \/><span style=\"color: #bd4040;\"><strong>5.3<\/strong><\/span>\u00a0<strong>Espace de pratique <\/strong>ouvert aux improvisateur\u00b7ices &#8211; GMEM<br \/><span style=\"color: #bd4040;\"><strong>25 au 28.3<\/strong> <\/span><strong>R\u00e9sidence de cr\u00e9ation : LUMI\u00c8RE !<\/strong>, invit\u00e9e V\u00e9ronique Gougat &#8211; AMI Labobox Marseille<br \/><span style=\"color: #bd4040;\"><strong>2.4<\/strong>\u00a0<\/span><strong>Espace de pratique <\/strong>ouvert aux improvisateur\u00b7ices- GMEM<br \/><span style=\"color: #bd4040;\"><strong>21.5<\/strong><\/span>\u00a0<strong>Espace de pratique <\/strong>ouvert aux improvisateur\u00b7ices &#8211; GMEM<br \/><strong><span style=\"color: #bd4040;\">22.5<\/span> Performance danse musique<\/strong> &#8211; Marseille Objectif Danse (La Friche)<br \/><strong><span style=\"color: #bd4040;\">4 au 7.6<\/span> R\u00e9sidence de cr\u00e9ation : LUMI\u00c8RE !<\/strong>, invit\u00e9e V\u00e9ronique Gougat &#8211; Studio Barnave<br \/><span style=\"color: #bd4040;\"><strong>25.6<\/strong><\/span>\u00a0<strong>Espace de pratique <\/strong>ouvert aux improvisateur\u00b7ices &#8211; GMEM<br \/><span style=\"color: #d90000;\"><span style=\"color: #bd4040;\"><strong>2.7<\/strong><\/span>\u00a0<\/span><strong>Espace de pratique <\/strong>ouvert aux improvisateur\u00b7ices &#8211; GMEM<br \/><strong><span style=\"color: #bd4040;\">2.7<\/span> Grand8, les 10 ans &#8211; <\/strong>Comptoir de la Victorine, Marseille<strong><br \/><\/strong>table ronde : l&rsquo;improvisation en grand ensemble (anim\u00e9e par Anne Montaron)<br \/>Impro8 : Grand8 et improvisateur\u00b7ice invit\u00e9es<br \/><strong><span style=\"color: #bd4040;\">3.7<\/span> Grand8, les 10 ans <\/strong>&#8211; GMEM<strong><br \/><\/strong>Grand8 invite le grand ensemble Apn\u00e9es Grenoble<strong><br \/><\/strong><strong><span style=\"color: #bd4040;\">4.7<\/span> Grand8, les 10 ans<\/strong> &#8211; La C\u00f4merie<br \/>Grand8 invite Apn\u00e9es et danseur\u00b7euses de la r\u00e9gion Sud<br \/><strong><span style=\"color: #bd4040;\">9 au 13.11<\/span> \u00a0R\u00e9sidence de cr\u00e9ation : LUMI\u00c8RE !, invit\u00e9e V\u00e9ronique Gougat &#8211; <\/strong>Cit\u00e9 de la Musique de Marseille<br \/><span style=\"color: #bd4040;\"><strong>14.11<\/strong> <\/span><strong>LUMI\u00c8RE !, invit\u00e9e V\u00e9ronique Gougat &#8211; <\/strong>Cit\u00e9 de la Musique de Marseille \/\/\/ <strong>CREATION<\/strong><\/p>\t\t\t\t\t\t\t\t<\/div>\n\t\t\t\t<\/div>\n\t\t\t\t\t<\/div>\n\t\t<\/div>\n\t\t\t\t\t<\/div>\n\t\t<\/section>\n\t\t\t\t<section class=\"elementor-section elementor-top-section elementor-element elementor-element-54ca6a0 elementor-section-boxed elementor-section-height-default elementor-section-height-default\" data-id=\"54ca6a0\" data-element_type=\"section\" data-e-type=\"section\">\n\t\t\t\t\t\t<div class=\"elementor-container elementor-column-gap-default\">\n\t\t\t\t\t<div class=\"elementor-column elementor-col-100 elementor-top-column elementor-element elementor-element-e9c07bb\" data-id=\"e9c07bb\" data-element_type=\"column\" data-e-type=\"column\">\n\t\t\t<div class=\"elementor-widget-wrap elementor-element-populated\">\n\t\t\t\t\t\t<div class=\"elementor-element elementor-element-94fa397 elementor-widget-divider--separator-type-pattern elementor-widget-divider--view-line elementor-widget elementor-widget-divider\" data-id=\"94fa397\" data-element_type=\"widget\" data-e-type=\"widget\" data-widget_type=\"divider.default\">\n\t\t\t\t<div class=\"elementor-widget-container\">\n\t\t\t\t\t\t\t<div class=\"elementor-divider\" style=\"--divider-pattern-url: url(&quot;data:image\/svg+xml,%3Csvg xmlns=&#039;http:\/\/www.w3.org\/2000\/svg&#039; preserveAspectRatio=&#039;none&#039; overflow=&#039;visible&#039; height=&#039;100%&#039; viewBox=&#039;0 0 24 24&#039; fill=&#039;none&#039; stroke=&#039;black&#039; stroke-width=&#039;3.9&#039; stroke-linecap=&#039;square&#039; stroke-miterlimit=&#039;10&#039;%3E%3Cpolyline points=&#039;0,18 12,6 24,18 &#039;\/%3E%3C\/svg%3E&quot;);\">\n\t\t\t<span class=\"elementor-divider-separator\">\n\t\t\t\t\t\t<\/span>\n\t\t<\/div>\n\t\t\t\t\t\t<\/div>\n\t\t\t\t<\/div>\n\t\t\t\t\t<\/div>\n\t\t<\/div>\n\t\t\t\t\t<\/div>\n\t\t<\/section>\n\t\t\t\t<section class=\"elementor-section elementor-top-section elementor-element elementor-element-dc80a76 elementor-section-boxed elementor-section-height-default elementor-section-height-default\" data-id=\"dc80a76\" data-element_type=\"section\" data-e-type=\"section\">\n\t\t\t\t\t\t<div class=\"elementor-container elementor-column-gap-default\">\n\t\t\t\t\t<div class=\"elementor-column elementor-col-100 elementor-top-column elementor-element elementor-element-e765dcc\" data-id=\"e765dcc\" data-element_type=\"column\" data-e-type=\"column\">\n\t\t\t<div class=\"elementor-widget-wrap elementor-element-populated\">\n\t\t\t\t\t\t<div class=\"elementor-element elementor-element-baed194 elementor-widget elementor-widget-heading\" data-id=\"baed194\" data-element_type=\"widget\" data-e-type=\"widget\" data-widget_type=\"heading.default\">\n\t\t\t\t<div class=\"elementor-widget-container\">\n\t\t\t\t\t<h2 class=\"elementor-heading-title elementor-size-default\">Ev\u00e9nements pass\u00e9s<\/h2>\t\t\t\t<\/div>\n\t\t\t\t<\/div>\n\t\t\t\t\t<\/div>\n\t\t<\/div>\n\t\t\t\t\t<\/div>\n\t\t<\/section>\n\t\t\t\t<section class=\"elementor-section elementor-top-section elementor-element elementor-element-70c417b elementor-section-boxed elementor-section-height-default elementor-section-height-default\" data-id=\"70c417b\" data-element_type=\"section\" data-e-type=\"section\">\n\t\t\t\t\t\t<div class=\"elementor-container elementor-column-gap-default\">\n\t\t\t\t\t<div class=\"elementor-column elementor-col-100 elementor-top-column elementor-element elementor-element-0e3ceca\" data-id=\"0e3ceca\" data-element_type=\"column\" data-e-type=\"column\">\n\t\t\t<div class=\"elementor-widget-wrap elementor-element-populated\">\n\t\t\t\t\t\t<div class=\"elementor-element elementor-element-7af7200 elementor-widget elementor-widget-text-editor\" data-id=\"7af7200\" data-element_type=\"widget\" data-e-type=\"widget\" data-widget_type=\"text-editor.default\">\n\t\t\t\t<div class=\"elementor-widget-container\">\n\t\t\t\t\t\t\t\t\t<h3><span style=\"font-size: 16px;\">2025<\/span><\/h3><div><p><strong>4.12<\/strong>\u00a0<strong>Espace de pratique <\/strong>ouvert aux improvisateur\u00b7ices @GMEM<br \/><strong>20.11 Espace de pratique <\/strong>ouvert aux improvisateur\u00b7ices @GMEM<br \/><strong>19.11 Performance musique danse<\/strong> @L&rsquo;imparfait, Cabasse<strong><br \/>11.1O Sp\u00e9l\u00e9ophonie #3 : Souterrain Von Hanstein <\/strong>avec le Bureau des Guides GR2013 @Marseille<br \/><strong>3 au 5.10 R\u00e9sidence musique danse<\/strong> @L&rsquo;imparfait, Cabasse<br \/><strong>2.10 Espace de pratique <\/strong>ouvert aux improvisateur\u00b7ices @GMEM<strong><br \/>26 au 28.9 Collectif Apn\u00e9es invit\u00e9 Grand8 <\/strong>@Grenoble<strong><br \/><\/strong><strong>4.9 <\/strong><strong>Espace de pratique <\/strong>ouvert aux improvisateur\u00b7ices @GMEM<br \/><strong>1.6 Sp\u00e9l\u00e9ophonie #2 : Grotte des Aygalades <\/strong>avec le Bureau des Guides GR2013 @Marseille<br \/><strong>9.5 Grand8 en 16<\/strong>, avec Ga\u00eblle Rouard (film 16mm) @Festival Propagations GMEM Marseille<br \/><strong>4.4 Session danse musique<\/strong> @Marseille Objectif Danse Marseille<br \/><strong>3.4 <\/strong><strong>Espace de pratique <\/strong>ouvert aux improvisateur\u00b7ces @GMEM<br \/><strong>30.3 Sp\u00e9l\u00e9ophonie #1 : Grotte de l&rsquo;Infernet <\/strong>avec le Bureau des Guides GR2013 @Auriol<br \/><strong>7.3 Session danse musique<\/strong> @Marseille Objectif Danse Marseille<br \/><strong>6.3 <\/strong><strong>Espace de pratique <\/strong>ouvert aux improvisateur\u00b7ices @GMEM<br \/><strong>13.2 <\/strong><strong>Espace de pratique <\/strong>ouvert aux improvisateur\u00b7ices @GMEM<br \/><strong>7.2 Session danse musique<\/strong> @Marseille Objectif Danse Marseille<br \/><strong>9.1 <\/strong><strong>Espace de pratique <\/strong>ouvert aux improvisateur\u00b7ices @GMEM<\/p><\/div><h3><span style=\"font-family: Lato; font-size: 16px;\">2024<\/span><\/h3><div><p><strong>12.12<\/strong>\u00a0<strong>Espace de pratique <\/strong>ouvert aux improvisateur\u00b7ices @GMEM<strong><br \/>14.11<\/strong>\u00a0<strong>Espace de pratique <\/strong>ouvert aux improvisateur\u00b7ices @GMEM<strong><br \/>8, 9, 10.11 Mots, Mondes<\/strong> @L&rsquo;R de la Mer avec Marie Bouchacourt, (marionnettes, objets) \/\/\/ <strong>CREATION<br \/>10, 11, 12.10 Session Musique Danse <\/strong>@Cit\u00e9 des Arts de la Rue en partenariat avec ex-Nihilo<br \/><strong>23 au 28.9 R\u00e9sidence<\/strong> <strong> Mots, Mondes<\/strong> @L&rsquo;R de la Mer avec Marie Bouchacourt, (marionnettes, objets)<br \/><strong>30, 31.8 et 1.9 Le Fondeur de Son invite Grand8<\/strong> @La Villette Jazz Festival \/\/ Parc de Belleville \/\/ P\u00e9niche du Lapin Vert<br \/><strong>19.9<\/strong> <strong>Espace de pratique<\/strong> ouvert aux improvisateur\u00b7ices @GMEM<br \/><strong>6.6 Espace de pratique<\/strong> ouvert aux improvisateur\u00b7ices @GMEM<br \/><strong>16.5 Espace de pratique<\/strong> ouvert aux improvisateur\u00b7ices @GMEM<br \/><strong>14.3<\/strong> <strong>Espace de pratique<\/strong> ouvert aux improvisateur\u00b7ices @GMEM<br \/><strong>1.2 Espace de pratique<\/strong> ouvert aux improvisateur\u00b7ices @GMEM<br \/><strong>11.1 Espace de pratique <\/strong>ouvert aux improvisateur\u00b7ices @GMEM<\/p><\/div><h3><span style=\"font-size: 12pt;\">2023<\/span><\/h3><div><p><strong>13, 14, 15.10 Grand8 en 16\u00a0<\/strong>@ L&rsquo;R de la Mer, avec Ga\u00eblle Rouard (film 16mm) \/\/\/ <strong>CREATION<\/strong><br \/><strong>7, 8.7 Objectif Lune &#8211; On a march\u00e9 sur la Terre<\/strong>\u00a0 \/\/\/ 10 ans du Bureau des Guides GR2013<br \/><strong>2.6 Aventure Sonore 28\u00a0<\/strong>@ Comptoir de la Victorine, avec danseur\u00b7euses de la R\u00e9gion Sud, Dialogues<br \/><strong>5.5 Aventure Sonore 27<\/strong> @ Comptoir de la Victorine, avec Marien Guill\u00e9<strong><br \/>7.4 Aventure Sonore 26 <\/strong>@ Comptoir de la Victorine, avec Choeur Tac-til<strong><br \/><\/strong><strong>3.3 Aventure Sonore 25 <\/strong>@ Comptoir de la Victorine, Les mots, les lieux avec C\u00e9dric Lerible<br \/><strong>3.2 Aventure Sonore 24 <\/strong>@Comptoir de la Victorine<strong>, <\/strong>ELEKTRONIKO avec Pascal Gobin<br \/><strong>6.1 Aventure Sonore 23<\/strong> @Comptoir de la Victorine,<\/p><\/div><h3><span style=\"font-size: 12pt;\">2022<\/span><\/h3><p><strong>2.12 Aventure Sonore 22 <\/strong>@Comptoir de la Victorine, Le sablier<strong><br \/>11.11 Aventure Sonore 21 <\/strong>@Comptoir de la Victorine, VENU(E)S<strong><br \/>2-4.11 Festival Prima Onda <\/strong>@Stand Florio, Ecomuseo Mare Memoria Viva<strong><br \/>28.9-2-10 Grand Vertige <\/strong>@Comptoir de la Victorine, Usine Pillard, Parc Pastr\u00e9<strong><br \/>8.7 Session #20 @ <\/strong>Comptoir de la Victorine, avec Elisabeth Ross\u00e9<strong><br \/>3.6<\/strong>\u00a0<strong>Session #19<\/strong> @ Musique en Fabrique, avec Tommaso Rolando, Jonas Gerigk, Alexandre Pierrepont<br \/><strong>26.5 Francofolit\u00e9s <\/strong>@ Th\u00e9\u00e2tre la Cit\u00e9 pour Biennale des Ecritures du R\u00e9el #6<strong><br \/>25.5 Francofolit\u00e9s <\/strong>@ Comptoir de la Victorine pour Biennale des Ecritures du R\u00e9el #6<strong><br \/>21.5 Francofolit\u00e9s <\/strong>@ Centre Hospitalier Valvert pour Biennale des Ecritures du R\u00e9el #6<strong><br \/>6.5 Session #18 <\/strong>@ Comptoir de la Victorine, avec Blanche Lafuente, H\u00e9loise Francesconi, Diemo Schwartz<strong><br \/>8.4<\/strong> Session #17 @ Comptoir de la Victorine avec Lo\u00efc Schild, Diemo Schwarz<strong><br \/>4.3 <\/strong>Session #16 @ Comptoir de la Victorine<strong><br \/>4.2 <\/strong>Session #15 @ Comptoir de la Victorine<\/p><h3><span style=\"font-size: 12pt;\">2021<\/span><\/h3><p><strong>1 au 3.4.<\/strong> R\u00e9sidence\u00a0 et concert ouvert aux professionnels _Marseille @Th\u00e9\u00e2tre de la Mer<br \/><strong>2.5.<\/strong> Ballade Harmonique avec H\u00f4tel du Nord _Marseille @L&rsquo;Estaque\/St-Henry<br \/><strong>6.5.<\/strong> R\u00e9sidence travail ext\u00e9rieur _Marseille @Parc Pastr\u00e9<br \/><strong>8.5.<\/strong> R\u00e9sidence danse-musique _Marseille @Cit\u00e9 des Arts de la Rue<br \/><strong>13 au 15.5.<\/strong>\u00a0 R\u00e9sidence de travail _Marseille @Le ZEF<br \/><strong>21.6<\/strong> F\u00eate de la Musique &#8211;\u00a0 Petits8 et Grand8 &#8211; 2e et 3e arrondissements de Marseille, Comptoir de la Victorine<br \/><strong>26.6<\/strong> R\u00e9sidence danse &amp; musique avec Ex Nihilo @ Cit\u00e9 des Arts de la Rue<br \/><strong>11.7 &#8211; 29.8<\/strong> Concerts et ateliers tout public dans le cadre de l&rsquo;\u00e9t\u00e9 marseillais<br \/><strong>2-4.9 <\/strong>Enregistrement pour la sortie d&rsquo;un livre-cd avec Mazeto Square @ PIC T\u00e9l\u00e9maque<br \/><strong>7 au 10.10 <\/strong>Grand Vertige avec le Dreieck Interf\u00e9rences Ensemble<\/p><h3><span style=\"font-family: Lato; font-size: 12pt;\">2020<\/span><\/h3><p><span style=\"font-family: Lato; font-size: 12pt;\"><strong>10.1.<\/strong> Les sessions Grand8\u00a0 _Marseille @Musique en Fabrique<\/span><br \/><span style=\"font-family: Lato; font-size: 12pt;\"><strong>7 .2.<\/strong> Les sessions Grand8 _Marseille @Musique en Fabrique<\/span><br \/><span style=\"font-family: Lato; font-size: 12pt;\"><strong>9.2.<\/strong> Grand8 + danse et calligraphie _Marseille @PIC T\u00e9l\u00e9maque<br \/><strong>3.7.<\/strong> GrandAir#1 concert musique danse _Marseille @Parc Longchamp<br \/><strong>4\/5.9.<\/strong> GrandAir#2 concert musique danse _Marseille @Parc Longchamp et Parc Foresta<br \/><strong>24.10.<\/strong> Non Site On Site, concert ballade avec le Bureau des Guides GR2013 _Marseille @Colline de la Nerthe<\/span><\/p><h3><span style=\"font-family: Lato; font-size: 12pt;\">2019<\/span><\/h3><p><span style=\"font-family: Lato; font-size: 12pt;\"><b>10.1.<\/b> Grand8 + AaPI (Dr\u00f4me) _Marseille @GMEM<\/span><br \/><span style=\"font-family: Lato; font-size: 12pt;\"><b>1.3.<\/b> Les Session Grand8 _Marseille @Musiques en Fabrique<\/span><br \/><span style=\"font-family: Lato; font-size: 12pt;\"><b>5.4.<\/b> Les Session Grand8 _Marseille @Musiques en Fabrique<\/span><br \/><span style=\"font-family: Lato; font-size: 12pt;\"><b>28.4.<\/b> Grand8 _Marseille @PIC T\u00e9l\u00e9maque<\/span><br \/><span style=\"font-family: Lato; font-size: 12pt;\"><b>5.7.<\/b> Les Session Grand8 _Marseille @Musiques en Fabrique<\/span><br \/><span style=\"font-family: Lato; font-size: 12pt;\"><b>3\/4\/5.10<\/b> Grand8 Festival : le Grand Vertige<\/span><\/p><p><span style=\"font-family: Lato; font-size: 12pt;\"><b>3.10<\/b>. Grand8 rencontre l\u2019ensemble UN _Marseille @GMEM<\/span><br \/><span style=\"font-family: Lato; font-size: 12pt;\"><b>4.10.<\/b> Les sessions Grand8 + danseurs invit\u00e9s _Marseille @Musique en Fabrique<\/span><br \/><span style=\"font-family: Lato; font-size: 12pt;\"><b>5.10.<\/b> Grand8 + danseurs invit\u00e9s _Marseille @La D\u00e9viation<\/span><\/p><p><span style=\"font-family: Lato; font-size: 12pt;\"><b>8.11.<\/b>Les Session Grand8 _Marseille @Musiques en Fabrique<\/span><br \/><span style=\"font-family: Lato; font-size: 12pt;\"><b>6.12. <\/b>Les Session Grand8 _Marseille @Musiques en Fabrique<\/span><\/p><h2><span style=\"font-family: Lato; font-size: 12pt;\">2018<\/span><\/h2><p><span style=\"font-family: Lato; font-size: 12pt;\"><b>11.2. <\/b>Grand8, session travail-performance _Apt @MJC<\/span><br \/><span style=\"font-family: Lato; font-size: 12pt;\"><b>25.3.<\/b> Grand8 grand ensemble + rencontre publique _Marseille @PIC-T\u00e9l\u00e9maque<\/span><br \/><span style=\"font-family: Lato; font-size: 12pt;\"><b>21.6. <\/b>Grand8 grand ensemble, performance \u00e0 l\u2019IMMS _Marseille @La Friche Belle de Mai<\/span><br \/><span style=\"font-family: Lato; font-size: 12pt;\"><b>19-21.8<\/b>, Grand8, r\u00e9sidence au Festival des Musiques Insolentes _Cabasse<\/span><br \/><span style=\"font-family: Lato; font-size: 12pt;\"><b>6.12.<\/b> Grand8 + ensemble AaPI (Dr\u00f4me) _F\u00e9lines-sur-Rimandoule @C\u00e9ph\u00e9ides<\/span><\/p>\t\t\t\t\t\t\t\t<\/div>\n\t\t\t\t<\/div>\n\t\t\t\t\t<\/div>\n\t\t<\/div>\n\t\t\t\t\t<\/div>\n\t\t<\/section>\n\t\t\t\t<\/div>\n\t\t","protected":false},"excerpt":{"rendered":"<p>A venir 2026 8.1\u00a0Espace de pratique ouvert aux improvisateur\u00b7ices &#8211; GMEM5.2\u00a0Espace de pratique ouvert aux improvisateur\u00b7ices- &#8211; GMEM5.3\u00a0Espace de pratique ouvert aux improvisateur\u00b7ices &#8211; GMEM25 au 28.3 R\u00e9sidence de cr\u00e9ation : LUMI\u00c8RE !, invit\u00e9e V\u00e9ronique Gougat &#8211; AMI Labobox Marseille2.4\u00a0Espace de pratique ouvert aux improvisateur\u00b7ices- GMEM21.5\u00a0Espace de pratique ouvert aux improvisateur\u00b7ices &#8211; GMEM22.5 Performance danse&hellip;&nbsp;<a href=\"https:\/\/grand8.org\/index.php\/actualites\/\" rel=\"bookmark\">Lire la suite &raquo;<span class=\"screen-reader-text\">ACTUALIT\u00c9S<\/span><\/a><\/p>\n","protected":false},"author":1,"featured_media":0,"parent":0,"menu_order":0,"comment_status":"closed","ping_status":"closed","template":"page-templates\/template-pagebuilder-full-width.php","meta":{"neve_meta_sidebar":"","neve_meta_container":"","neve_meta_enable_content_width":"","neve_meta_content_width":0,"neve_meta_title_alignment":"","neve_meta_author_avatar":"","neve_post_elements_order":"","neve_meta_disable_header":"","neve_meta_disable_footer":"","neve_meta_disable_title":"","footnotes":""},"class_list":["post-50","page","type-page","status-publish","hentry"],"_links":{"self":[{"href":"https:\/\/grand8.org\/index.php\/wp-json\/wp\/v2\/pages\/50","targetHints":{"allow":["GET"]}}],"collection":[{"href":"https:\/\/grand8.org\/index.php\/wp-json\/wp\/v2\/pages"}],"about":[{"href":"https:\/\/grand8.org\/index.php\/wp-json\/wp\/v2\/types\/page"}],"author":[{"embeddable":true,"href":"https:\/\/grand8.org\/index.php\/wp-json\/wp\/v2\/users\/1"}],"replies":[{"embeddable":true,"href":"https:\/\/grand8.org\/index.php\/wp-json\/wp\/v2\/comments?post=50"}],"version-history":[{"count":284,"href":"https:\/\/grand8.org\/index.php\/wp-json\/wp\/v2\/pages\/50\/revisions"}],"predecessor-version":[{"id":1766,"href":"https:\/\/grand8.org\/index.php\/wp-json\/wp\/v2\/pages\/50\/revisions\/1766"}],"wp:attachment":[{"href":"https:\/\/grand8.org\/index.php\/wp-json\/wp\/v2\/media?parent=50"}],"curies":[{"name":"wp","href":"https:\/\/api.w.org\/{rel}","templated":true}]}}