{"id":118,"date":"2021-01-31T21:00:58","date_gmt":"2021-01-31T20:00:58","guid":{"rendered":"http:\/\/grand8.org\/?page_id=118"},"modified":"2026-01-11T22:26:31","modified_gmt":"2026-01-11T21:26:31","slug":"premiere-nuit","status":"publish","type":"page","link":"https:\/\/grand8.org\/index.php\/premiere-nuit\/","title":{"rendered":"Premi\u00e8re Nuit"},"content":{"rendered":"\t\t<div data-elementor-type=\"wp-page\" data-elementor-id=\"118\" class=\"elementor elementor-118\">\n\t\t\t\t\t\t<section class=\"elementor-section elementor-top-section elementor-element elementor-element-d4f070a elementor-section-boxed elementor-section-height-default elementor-section-height-default\" data-id=\"d4f070a\" data-element_type=\"section\" data-e-type=\"section\">\n\t\t\t\t\t\t<div class=\"elementor-container elementor-column-gap-default\">\n\t\t\t\t\t<div class=\"elementor-column elementor-col-100 elementor-top-column elementor-element elementor-element-dee74ee\" data-id=\"dee74ee\" data-element_type=\"column\" data-e-type=\"column\">\n\t\t\t<div class=\"elementor-widget-wrap elementor-element-populated\">\n\t\t\t\t\t\t<div class=\"elementor-element elementor-element-721e32b elementor-widget elementor-widget-heading\" data-id=\"721e32b\" data-element_type=\"widget\" data-e-type=\"widget\" data-widget_type=\"heading.default\">\n\t\t\t\t<div class=\"elementor-widget-container\">\n\t\t\t\t\t<h2 class=\"elementor-heading-title elementor-size-default\">Francofolit\u00e9s<\/h2>\t\t\t\t<\/div>\n\t\t\t\t<\/div>\n\t\t\t\t\t<\/div>\n\t\t<\/div>\n\t\t\t\t\t<\/div>\n\t\t<\/section>\n\t\t\t\t<section class=\"elementor-section elementor-top-section elementor-element elementor-element-57231a4 elementor-section-boxed elementor-section-height-default elementor-section-height-default\" data-id=\"57231a4\" data-element_type=\"section\" data-e-type=\"section\">\n\t\t\t\t\t\t<div class=\"elementor-container elementor-column-gap-default\">\n\t\t\t\t\t<div class=\"elementor-column elementor-col-100 elementor-top-column elementor-element elementor-element-0be0068\" data-id=\"0be0068\" data-element_type=\"column\" data-e-type=\"column\">\n\t\t\t<div class=\"elementor-widget-wrap elementor-element-populated\">\n\t\t\t\t\t\t<div class=\"elementor-element elementor-element-9d25bc6 elementor-widget elementor-widget-text-editor\" data-id=\"9d25bc6\" data-element_type=\"widget\" data-e-type=\"widget\" data-widget_type=\"text-editor.default\">\n\t\t\t\t<div class=\"elementor-widget-container\">\n\t\t\t\t\t\t\t\t\t<p><span style=\"font-family: Lato;\"><b>Francofolit\u00e9s <\/b>est une performance musicale et th\u00e9\u00e2trale issu de la rencontre entre l\u2019ensemble Grand8 et l\u2019auteur, com\u00e9dien et metteur en sc\u00e8ne Congolais Julien Bissila.<\/span><\/p><p><span style=\"font-family: Lato;\"><i>Force d\u2019un \u00e9lectrochoc entre un texte, son auteur, et les 15 musicien\u00b7nes de Grand8.<br \/>Force d\u2019une puissance musicale rapport\u00e9e par les 15 instruments et celle, solo, d\u2019une voix inscrite dans le vif du v\u00e9cu de l\u2019auteur.<br \/>Force d\u2019un contraste choisi et assum\u00e9.<br \/>Ouvertures sur les imaginaires sonores et po\u00e9tiques.<\/i><\/span><\/p>\t\t\t\t\t\t\t\t<\/div>\n\t\t\t\t<\/div>\n\t\t\t\t\t<\/div>\n\t\t<\/div>\n\t\t\t\t\t<\/div>\n\t\t<\/section>\n\t\t\t\t<section class=\"elementor-section elementor-top-section elementor-element elementor-element-0bd10c1 elementor-section-boxed elementor-section-height-default elementor-section-height-default\" data-id=\"0bd10c1\" data-element_type=\"section\" data-e-type=\"section\">\n\t\t\t\t\t\t<div class=\"elementor-container elementor-column-gap-default\">\n\t\t\t\t\t<div class=\"elementor-column elementor-col-100 elementor-top-column elementor-element elementor-element-7bd2e6a\" data-id=\"7bd2e6a\" data-element_type=\"column\" data-e-type=\"column\">\n\t\t\t<div class=\"elementor-widget-wrap elementor-element-populated\">\n\t\t\t\t\t\t<div class=\"elementor-element elementor-element-19aeef7 elementor-widget elementor-widget-image\" data-id=\"19aeef7\" data-element_type=\"widget\" data-e-type=\"widget\" data-widget_type=\"image.default\">\n\t\t\t\t<div class=\"elementor-widget-container\">\n\t\t\t\t\t\t\t\t\t\t\t\t<figure class=\"wp-caption\">\n\t\t\t\t\t\t\t\t\t\t<img fetchpriority=\"high\" decoding=\"async\" width=\"1024\" height=\"683\" src=\"https:\/\/grand8.org\/wp-content\/uploads\/Grand8_25-1024x683.jpg\" class=\"attachment-large size-large wp-image-1603\" alt=\"\" srcset=\"https:\/\/grand8.org\/wp-content\/uploads\/Grand8_25-1024x683.jpg 1024w, https:\/\/grand8.org\/wp-content\/uploads\/Grand8_25-300x200.jpg 300w, https:\/\/grand8.org\/wp-content\/uploads\/Grand8_25-768x512.jpg 768w, https:\/\/grand8.org\/wp-content\/uploads\/Grand8_25-930x620.jpg 930w, https:\/\/grand8.org\/wp-content\/uploads\/Grand8_25.jpg 1200w\" sizes=\"(max-width: 1024px) 100vw, 1024px\" \/>\t\t\t\t\t\t\t\t\t\t\t<figcaption class=\"widget-image-caption wp-caption-text\">\u00a9Clara Lafuente<\/figcaption>\n\t\t\t\t\t\t\t\t\t\t<\/figure>\n\t\t\t\t\t\t\t\t\t<\/div>\n\t\t\t\t<\/div>\n\t\t\t\t<div class=\"elementor-element elementor-element-5fba71d elementor-widget elementor-widget-text-editor\" data-id=\"5fba71d\" data-element_type=\"widget\" data-e-type=\"widget\" data-widget_type=\"text-editor.default\">\n\t\t\t\t<div class=\"elementor-widget-container\">\n\t\t\t\t\t\t\t\t\t<h4>\u00ab\u00a0Maintenant, je danse la parole, les \u00e9crits ne suffisent plus pour dire l&rsquo;urgence.\u00a0\u00bb<\/h4><div class=\"wp-block-spacer\" aria-hidden=\"true\">\u00a0<\/div><p>Le respect<br \/>La pudeur<br \/>Faut-il rendre les masques pill\u00e9s ou dire la v\u00e9rit\u00e9 \u00e0 nos enfants ?<br \/>Faut-il d\u00e9boulonner les statues ou ajouter celles des invisibles qui manquent ?<br \/>J&rsquo;\u00e9cris pour ne plus crier<br \/>Imaginez que nous sommes aujourd&rsquo;hui en 2090.<br \/>Le pape une femme<br \/>africaine<br \/>Le rabbin une femme<br \/>musulmane<br \/>L&rsquo;imam une chr\u00e9tienne<br \/>homo<br \/>Les hommes tombent enceintes font des b\u00e9b\u00e9s<br \/>Le continent africain est d\u00e9velopp\u00e9.<br \/>Et \u00e0 chien ville, les chiens ont repris la parole<br \/>Imaginez ! Imaginons !<\/p><div class=\"wp-block-spacer\" aria-hidden=\"true\">\u00a0<\/div><h6>Distribution<\/h6><p class=\"has-small-font-size\">\u2022 <strong>Texte <\/strong>Julien Mabiala Bissila, en r\u00e9ponse \u00e0 une commande d&rsquo;\u00e9criture lanc\u00e9e par le Th\u00e9\u00e2tre La Cit\u00e9 \u2022 <strong>Musique <\/strong>Grand8 : Bastien Boni (contrebasse), Olivier Bost (trombone), S\u00e9bastien Bouhana (tambour, objets), Laurent Charles (saxophone soprano), Emmanuel Cremer (violoncelle), Sean Drewry (synth\u00e9tiseur), Jo\u00e3o Fernandes (\u00e9lectronique), Catherine Jauniaux (voix, objets), Soizic Lebrat (violoncelle), Philippe Lemoine (saxophone t\u00e9nor), Genevi\u00e8ve Sorin (accord\u00e9on), Nicol\u00f3 Terrasi (guitare), Fran\u00e7ois Wong (saxophone baryton) \u2022 <strong>Photo <\/strong>\u00a9 Clara La Fuente<\/p>\t\t\t\t\t\t\t\t<\/div>\n\t\t\t\t<\/div>\n\t\t\t\t\t<\/div>\n\t\t<\/div>\n\t\t\t\t\t<\/div>\n\t\t<\/section>\n\t\t\t\t<section class=\"elementor-section elementor-top-section elementor-element elementor-element-1d7ceca elementor-section-boxed elementor-section-height-default elementor-section-height-default\" data-id=\"1d7ceca\" data-element_type=\"section\" data-e-type=\"section\">\n\t\t\t\t\t\t<div class=\"elementor-container elementor-column-gap-default\">\n\t\t\t\t\t<div class=\"elementor-column elementor-col-50 elementor-top-column elementor-element elementor-element-5c645de\" data-id=\"5c645de\" data-element_type=\"column\" data-e-type=\"column\">\n\t\t\t<div class=\"elementor-widget-wrap elementor-element-populated\">\n\t\t\t\t\t\t<div class=\"elementor-element elementor-element-6cc2be7 elementor-widget elementor-widget-text-editor\" data-id=\"6cc2be7\" data-element_type=\"widget\" data-e-type=\"widget\" data-widget_type=\"text-editor.default\">\n\t\t\t\t<div class=\"elementor-widget-container\">\n\t\t\t\t\t\t\t\t\t<p><em>Une coproduction <br \/>G<\/em><em><span class=\"fontstyle0\">rand8<br \/>Th\u00e9\u00e2tre la Cit\u00e9 &#8211; Marseille &#8211;\u00a0<\/span><\/em> <a href=\"http:\/\/www.theatrelacite.com\"><span class=\"fontstyle0\">www.theatrelacite.com<\/span>\u00a0<\/a><\/p><p>Projet soutenu par la DRAC PACA<\/p>\t\t\t\t\t\t\t\t<\/div>\n\t\t\t\t<\/div>\n\t\t\t\t\t<\/div>\n\t\t<\/div>\n\t\t\t\t<div class=\"elementor-column elementor-col-50 elementor-top-column elementor-element elementor-element-949f290\" data-id=\"949f290\" data-element_type=\"column\" data-e-type=\"column\">\n\t\t\t<div class=\"elementor-widget-wrap elementor-element-populated\">\n\t\t\t\t\t\t<div class=\"elementor-element elementor-element-5a224b4 elementor-widget elementor-widget-image\" data-id=\"5a224b4\" data-element_type=\"widget\" data-e-type=\"widget\" data-widget_type=\"image.default\">\n\t\t\t\t<div class=\"elementor-widget-container\">\n\t\t\t\t\t\t\t\t\t\t\t\t\t\t\t<img decoding=\"async\" width=\"300\" height=\"169\" src=\"https:\/\/grand8.org\/wp-content\/uploads\/2021\/09\/Logo_ETE_Culturel_Noir_Web-300x169.jpg\" class=\"attachment-medium size-medium wp-image-509\" alt=\"\" srcset=\"https:\/\/grand8.org\/wp-content\/uploads\/2021\/09\/Logo_ETE_Culturel_Noir_Web-300x169.jpg 300w, https:\/\/grand8.org\/wp-content\/uploads\/2021\/09\/Logo_ETE_Culturel_Noir_Web-1024x576.jpg 1024w, https:\/\/grand8.org\/wp-content\/uploads\/2021\/09\/Logo_ETE_Culturel_Noir_Web-768x432.jpg 768w, https:\/\/grand8.org\/wp-content\/uploads\/2021\/09\/Logo_ETE_Culturel_Noir_Web-1536x864.jpg 1536w, https:\/\/grand8.org\/wp-content\/uploads\/2021\/09\/Logo_ETE_Culturel_Noir_Web.jpg 1920w\" sizes=\"(max-width: 300px) 100vw, 300px\" \/>\t\t\t\t\t\t\t\t\t\t\t\t\t\t\t<\/div>\n\t\t\t\t<\/div>\n\t\t\t\t\t<\/div>\n\t\t<\/div>\n\t\t\t\t\t<\/div>\n\t\t<\/section>\n\t\t\t\t<section class=\"elementor-section elementor-top-section elementor-element elementor-element-7ec6dbc elementor-section-boxed elementor-section-height-default elementor-section-height-default\" data-id=\"7ec6dbc\" data-element_type=\"section\" data-e-type=\"section\">\n\t\t\t\t\t\t<div class=\"elementor-container elementor-column-gap-default\">\n\t\t\t\t\t<div class=\"elementor-column elementor-col-100 elementor-top-column elementor-element elementor-element-63944c1\" data-id=\"63944c1\" data-element_type=\"column\" data-e-type=\"column\">\n\t\t\t<div class=\"elementor-widget-wrap elementor-element-populated\">\n\t\t\t\t\t\t<div class=\"elementor-element elementor-element-e079153 elementor-widget elementor-widget-image-gallery\" data-id=\"e079153\" data-element_type=\"widget\" data-e-type=\"widget\" data-widget_type=\"image-gallery.default\">\n\t\t\t\t<div class=\"elementor-widget-container\">\n\t\t\t\t\t\t\t<div class=\"elementor-image-gallery\">\n\t\t\t<div id='gallery-1' class='gallery galleryid-118 gallery-columns-6 gallery-size-thumbnail'><figure class='gallery-item'>\n\t\t\t<div class='gallery-icon portrait'>\n\t\t\t\t<a data-elementor-open-lightbox=\"yes\" data-elementor-lightbox-slideshow=\"e079153\" data-elementor-lightbox-title=\"Grand8_17\" data-e-action-hash=\"#elementor-action%3Aaction%3Dlightbox%26settings%3DeyJpZCI6MTYxMCwidXJsIjoiaHR0cHM6XC9cL2dyYW5kOC5vcmdcL3dwLWNvbnRlbnRcL3VwbG9hZHNcL0dyYW5kOF8xNy5qcGciLCJzbGlkZXNob3ciOiJlMDc5MTUzIn0%3D\" href='https:\/\/grand8.org\/wp-content\/uploads\/Grand8_17.jpg'><img decoding=\"async\" width=\"150\" height=\"150\" src=\"https:\/\/grand8.org\/wp-content\/uploads\/Grand8_17-150x150.jpg\" class=\"attachment-thumbnail size-thumbnail\" alt=\"\" \/><\/a>\n\t\t\t<\/div><\/figure><figure class='gallery-item'>\n\t\t\t<div class='gallery-icon portrait'>\n\t\t\t\t<a data-elementor-open-lightbox=\"yes\" data-elementor-lightbox-slideshow=\"e079153\" data-elementor-lightbox-title=\"Grand8_10\" data-e-action-hash=\"#elementor-action%3Aaction%3Dlightbox%26settings%3DeyJpZCI6MTYwOCwidXJsIjoiaHR0cHM6XC9cL2dyYW5kOC5vcmdcL3dwLWNvbnRlbnRcL3VwbG9hZHNcL0dyYW5kOF8xMC5qcGciLCJzbGlkZXNob3ciOiJlMDc5MTUzIn0%3D\" href='https:\/\/grand8.org\/wp-content\/uploads\/Grand8_10.jpg'><img loading=\"lazy\" decoding=\"async\" width=\"150\" height=\"150\" src=\"https:\/\/grand8.org\/wp-content\/uploads\/Grand8_10-150x150.jpg\" class=\"attachment-thumbnail size-thumbnail\" alt=\"\" \/><\/a>\n\t\t\t<\/div><\/figure><figure class='gallery-item'>\n\t\t\t<div class='gallery-icon portrait'>\n\t\t\t\t<a data-elementor-open-lightbox=\"yes\" data-elementor-lightbox-slideshow=\"e079153\" data-elementor-lightbox-title=\"Grand8_14\" data-e-action-hash=\"#elementor-action%3Aaction%3Dlightbox%26settings%3DeyJpZCI6MTYwOSwidXJsIjoiaHR0cHM6XC9cL2dyYW5kOC5vcmdcL3dwLWNvbnRlbnRcL3VwbG9hZHNcL0dyYW5kOF8xNC5qcGciLCJzbGlkZXNob3ciOiJlMDc5MTUzIn0%3D\" href='https:\/\/grand8.org\/wp-content\/uploads\/Grand8_14.jpg'><img loading=\"lazy\" decoding=\"async\" width=\"150\" height=\"150\" src=\"https:\/\/grand8.org\/wp-content\/uploads\/Grand8_14-150x150.jpg\" class=\"attachment-thumbnail size-thumbnail\" alt=\"\" \/><\/a>\n\t\t\t<\/div><\/figure><figure class='gallery-item'>\n\t\t\t<div class='gallery-icon portrait'>\n\t\t\t\t<a data-elementor-open-lightbox=\"yes\" data-elementor-lightbox-slideshow=\"e079153\" data-elementor-lightbox-title=\"Grand8_08\" data-e-action-hash=\"#elementor-action%3Aaction%3Dlightbox%26settings%3DeyJpZCI6MTYwNywidXJsIjoiaHR0cHM6XC9cL2dyYW5kOC5vcmdcL3dwLWNvbnRlbnRcL3VwbG9hZHNcL0dyYW5kOF8wOC5qcGciLCJzbGlkZXNob3ciOiJlMDc5MTUzIn0%3D\" href='https:\/\/grand8.org\/wp-content\/uploads\/Grand8_08.jpg'><img loading=\"lazy\" decoding=\"async\" width=\"150\" height=\"150\" src=\"https:\/\/grand8.org\/wp-content\/uploads\/Grand8_08-150x150.jpg\" class=\"attachment-thumbnail size-thumbnail\" alt=\"\" \/><\/a>\n\t\t\t<\/div><\/figure><figure class='gallery-item'>\n\t\t\t<div class='gallery-icon portrait'>\n\t\t\t\t<a data-elementor-open-lightbox=\"yes\" data-elementor-lightbox-slideshow=\"e079153\" data-elementor-lightbox-title=\"Grand8_28\" data-e-action-hash=\"#elementor-action%3Aaction%3Dlightbox%26settings%3DeyJpZCI6MTYwNCwidXJsIjoiaHR0cHM6XC9cL2dyYW5kOC5vcmdcL3dwLWNvbnRlbnRcL3VwbG9hZHNcL0dyYW5kOF8yOC5qcGciLCJzbGlkZXNob3ciOiJlMDc5MTUzIn0%3D\" href='https:\/\/grand8.org\/wp-content\/uploads\/Grand8_28.jpg'><img loading=\"lazy\" decoding=\"async\" width=\"150\" height=\"150\" src=\"https:\/\/grand8.org\/wp-content\/uploads\/Grand8_28-150x150.jpg\" class=\"attachment-thumbnail size-thumbnail\" alt=\"\" \/><\/a>\n\t\t\t<\/div><\/figure><figure class='gallery-item'>\n\t\t\t<div class='gallery-icon portrait'>\n\t\t\t\t<a data-elementor-open-lightbox=\"yes\" data-elementor-lightbox-slideshow=\"e079153\" data-elementor-lightbox-title=\"Grand8_19\" data-e-action-hash=\"#elementor-action%3Aaction%3Dlightbox%26settings%3DeyJpZCI6MTYwMiwidXJsIjoiaHR0cHM6XC9cL2dyYW5kOC5vcmdcL3dwLWNvbnRlbnRcL3VwbG9hZHNcL0dyYW5kOF8xOS5qcGciLCJzbGlkZXNob3ciOiJlMDc5MTUzIn0%3D\" href='https:\/\/grand8.org\/wp-content\/uploads\/Grand8_19.jpg'><img loading=\"lazy\" decoding=\"async\" width=\"150\" height=\"150\" src=\"https:\/\/grand8.org\/wp-content\/uploads\/Grand8_19-150x150.jpg\" class=\"attachment-thumbnail size-thumbnail\" alt=\"\" \/><\/a>\n\t\t\t<\/div><\/figure>\n\t\t<\/div>\n\t\t<\/div>\n\t\t\t\t\t\t<\/div>\n\t\t\t\t<\/div>\n\t\t\t\t\t<\/div>\n\t\t<\/div>\n\t\t\t\t\t<\/div>\n\t\t<\/section>\n\t\t\t\t<section class=\"elementor-section elementor-top-section elementor-element elementor-element-06fb392 elementor-section-boxed elementor-section-height-default elementor-section-height-default\" data-id=\"06fb392\" data-element_type=\"section\" data-e-type=\"section\">\n\t\t\t\t\t\t<div class=\"elementor-container elementor-column-gap-default\">\n\t\t\t\t\t<div class=\"elementor-column elementor-col-100 elementor-top-column elementor-element elementor-element-f4c5d38\" data-id=\"f4c5d38\" data-element_type=\"column\" data-e-type=\"column\">\n\t\t\t<div class=\"elementor-widget-wrap elementor-element-populated\">\n\t\t\t\t\t\t<div class=\"elementor-element elementor-element-c6088cf elementor-widget elementor-widget-text-editor\" data-id=\"c6088cf\" data-element_type=\"widget\" data-e-type=\"widget\" data-widget_type=\"text-editor.default\">\n\t\t\t\t<div class=\"elementor-widget-container\">\n\t\t\t\t\t\t\t\t\t<p style=\"text-align: center;\"><span style=\"font-size: 14px;\">\u00a9Clara Lafuente<\/span><\/p>\t\t\t\t\t\t\t\t<\/div>\n\t\t\t\t<\/div>\n\t\t\t\t\t<\/div>\n\t\t<\/div>\n\t\t\t\t\t<\/div>\n\t\t<\/section>\n\t\t\t\t<\/div>\n\t\t","protected":false},"excerpt":{"rendered":"<p>Francofolit\u00e9s Francofolit\u00e9s est une performance musicale et th\u00e9\u00e2trale issu de la rencontre entre l\u2019ensemble Grand8 et l\u2019auteur, com\u00e9dien et metteur en sc\u00e8ne Congolais Julien Bissila. Force d\u2019un \u00e9lectrochoc entre un texte, son auteur, et les 15 musicien\u00b7nes de Grand8.Force d\u2019une puissance musicale rapport\u00e9e par les 15 instruments et celle, solo, d\u2019une voix inscrite dans le&hellip;&nbsp;<a href=\"https:\/\/grand8.org\/index.php\/premiere-nuit\/\" rel=\"bookmark\">Lire la suite &raquo;<span class=\"screen-reader-text\">Premi\u00e8re Nuit<\/span><\/a><\/p>\n","protected":false},"author":1,"featured_media":0,"parent":0,"menu_order":0,"comment_status":"closed","ping_status":"closed","template":"page-templates\/template-pagebuilder-full-width.php","meta":{"neve_meta_sidebar":"","neve_meta_container":"","neve_meta_enable_content_width":"","neve_meta_content_width":0,"neve_meta_title_alignment":"","neve_meta_author_avatar":"","neve_post_elements_order":"","neve_meta_disable_header":"","neve_meta_disable_footer":"","neve_meta_disable_title":"","footnotes":""},"class_list":["post-118","page","type-page","status-publish","hentry"],"_links":{"self":[{"href":"https:\/\/grand8.org\/index.php\/wp-json\/wp\/v2\/pages\/118","targetHints":{"allow":["GET"]}}],"collection":[{"href":"https:\/\/grand8.org\/index.php\/wp-json\/wp\/v2\/pages"}],"about":[{"href":"https:\/\/grand8.org\/index.php\/wp-json\/wp\/v2\/types\/page"}],"author":[{"embeddable":true,"href":"https:\/\/grand8.org\/index.php\/wp-json\/wp\/v2\/users\/1"}],"replies":[{"embeddable":true,"href":"https:\/\/grand8.org\/index.php\/wp-json\/wp\/v2\/comments?post=118"}],"version-history":[{"count":29,"href":"https:\/\/grand8.org\/index.php\/wp-json\/wp\/v2\/pages\/118\/revisions"}],"predecessor-version":[{"id":1613,"href":"https:\/\/grand8.org\/index.php\/wp-json\/wp\/v2\/pages\/118\/revisions\/1613"}],"wp:attachment":[{"href":"https:\/\/grand8.org\/index.php\/wp-json\/wp\/v2\/media?parent=118"}],"curies":[{"name":"wp","href":"https:\/\/api.w.org\/{rel}","templated":true}]}}